{"id":137,"date":"2019-01-09T11:34:42","date_gmt":"2019-01-09T11:34:42","guid":{"rendered":"http:\/\/mojalasztownia.pl\/?page_id=137"},"modified":"2019-01-15T13:56:41","modified_gmt":"2019-01-15T13:56:41","slug":"classic-cars-copy","status":"publish","type":"page","link":"https:\/\/mojalasztownia.pl\/","title":{"rendered":"MOJALASZTOWNIA"},"content":{"rendered":"<h1>\u0141ASZTOWNIA &#8211; SERCE SZCZECINA<\/h1>\n<h2>\n\t\t<a href=\"http:\/\/mojalasztownia.pl\/?cat=3\" title=\"Zapowiedzi:\" target=\"_self\"><br \/>\n\t\tZapowiedzi:<br \/>\n\t\t<\/a><br \/>\n\t<\/h2>\n<h2>\n\t\t<a href=\"http:\/\/mojalasztownia.pl\/?cat=4\" title=\"Relacje z wydarze\u0144:\" target=\"_self\"><br \/>\n\t\tRelacje z wydarze\u0144:<br \/>\n\t\t<\/a><br \/>\n\t<\/h2>\n<h2>\n\t\t<a href=\"http:\/\/mojalasztownia.pl\/?cat=5\" title=\"\u017beglarstwo, morze, historia:\" target=\"_self\"><br \/>\n\t\t\u017beglarstwo, morze, historia:<br \/>\n\t\t<\/a><br \/>\n\t<\/h2>\n<h2>\n\t\t<a href=\"http:\/\/mojalasztownia.pl\/?cat=6\" title=\"Biznes na \u0141asztowni:\" target=\"_self\"><br \/>\n\t\tBiznes na \u0141asztowni:<br \/>\n\t\t<\/a><br \/>\n\t<\/h2>\n<h1>PARTNERZY<\/h1>\n<p>\t\t\t\t<a href=\"http:\/\/www.csl.com.pl\/category\/aktualnosci\/\" target=\"_blank\" rel=\"noopener\" itemprop=\"url\"><br \/>\n\t\t\t\t<img decoding=\"async\" src=\"http:\/\/mojalasztownia.pl\/wp-content\/uploads\/2018\/09\/csl.png\" alt=\"csl\" itemprop=\"image\"  \/><br \/>\n\t\t\t\t\t\t<\/a><br \/>\n\t\t\t\t<a href=\"http:\/\/www.ckesr.pl\/\" target=\"_blank\" rel=\"noopener\" itemprop=\"url\"><br \/>\n\t\t\t\t<img decoding=\"async\" src=\"http:\/\/mojalasztownia.pl\/wp-content\/uploads\/2018\/09\/starza-rze\u017ania.png\" alt=\"starza rze\u017ania\" itemprop=\"image\"  \/><br \/>\n\t\t\t\t\t\t<\/a><br \/>\n\t\t\t\t<a href=\"http:\/\/www.mojalasztownia.pl\" target=\"_self\"  itemprop=\"url\"><br \/>\n\t\t\t\t<img decoding=\"async\" src=\"http:\/\/mojalasztownia.pl\/wp-content\/uploads\/2018\/09\/moja_lasztownia.png\" alt=\"moja_lasztownia\" itemprop=\"image\"  \/><br \/>\n\t\t\t\t\t\t<\/a><br \/>\n\t\t\t\t<img decoding=\"async\" src=\"http:\/\/mojalasztownia.pl\/wp-content\/uploads\/2018\/09\/kubryk.png\" alt=\"kubryk\" itemprop=\"image\"  \/><br \/>\n\t\t\t\t<img decoding=\"async\" src=\"http:\/\/mojalasztownia.pl\/wp-content\/uploads\/2018\/09\/sr-restauracja.png\" alt=\"sr restauracja\" itemprop=\"image\"  \/><br \/>\n\t\t\t\t<img decoding=\"async\" src=\"http:\/\/mojalasztownia.pl\/wp-content\/uploads\/2019\/01\/mojalasztownia512-1.png\" alt=\"mojalasztownia512\" itemprop=\"image\"\/><\/p>\n<h5>Budynek Stara Rze\u017ania<\/h5>\n<h1>Moja \u0141asztownia<\/h1>\n<p>ul. Tadeusza Wendy 14,<br \/>70-655 Szczecin<\/p>\n<p>\t<iframe src=\"https:\/\/www.google.com\/maps\/embed\/v1\/place?key=AIzaSyD09zQ9PNDNNy9TadMuzRV_UsPUoWKntt8&#038;q=Tadeusza+Wendy+14%0A70-655+Szczecin\"><\/iframe><\/p>\n","protected":false},"excerpt":{"rendered":"<p>\u0141ASZTOWNIA &#8211; SERCE SZCZECINA Zapowiedzi: Relacje z wydarze\u0144: \u017beglarstwo, morze, historia: Biznes na \u0141asztowni: PARTNERZY Budynek Stara Rze\u017ania Moja \u0141asztownia ul. Tadeusza Wendy 14,70-655 Szczecin<\/p>\n","protected":false},"author":1,"featured_media":0,"parent":0,"menu_order":0,"comment_status":"closed","ping_status":"closed","template":"","meta":[],"_links":{"self":[{"href":"https:\/\/mojalasztownia.pl\/index.php?rest_route=\/wp\/v2\/pages\/137"}],"collection":[{"href":"https:\/\/mojalasztownia.pl\/index.php?rest_route=\/wp\/v2\/pages"}],"about":[{"href":"https:\/\/mojalasztownia.pl\/index.php?rest_route=\/wp\/v2\/types\/page"}],"author":[{"embeddable":true,"href":"https:\/\/mojalasztownia.pl\/index.php?rest_route=\/wp\/v2\/users\/1"}],"replies":[{"embeddable":true,"href":"https:\/\/mojalasztownia.pl\/index.php?rest_route=%2Fwp%2Fv2%2Fcomments&post=137"}],"version-history":[{"count":20,"href":"https:\/\/mojalasztownia.pl\/index.php?rest_route=\/wp\/v2\/pages\/137\/revisions"}],"predecessor-version":[{"id":177,"href":"https:\/\/mojalasztownia.pl\/index.php?rest_route=\/wp\/v2\/pages\/137\/revisions\/177"}],"wp:attachment":[{"href":"https:\/\/mojalasztownia.pl\/index.php?rest_route=%2Fwp%2Fv2%2Fmedia&parent=137"}],"curies":[{"name":"wp","href":"https:\/\/api.w.org\/{rel}","templated":true}]}}